{"id":18,"date":"2015-02-09T08:12:58","date_gmt":"2015-02-09T06:12:58","guid":{"rendered":"http:\/\/lansirajanjousiampujat.fi\/?page_id=18"},"modified":"2019-10-02T19:28:41","modified_gmt":"2019-10-02T17:28:41","slug":"jasenmaksut","status":"publish","type":"page","link":"http:\/\/lansirajanjousiampujat.fi\/?page_id=18","title":{"rendered":"J\u00e4senmaksut"},"content":{"rendered":"<p><span style=\"text-decoration: underline;\"><strong><span class=\"s14 B\">Seuran j\u00e4senmaksut 2019<\/span><\/strong><\/span><\/p>\n<p><span class=\"s13\">Aikuiset\u00a0\u00a0\u00a0\u00a0\u00a0\u00a0\u00a0\u00a0\u00a0\u00a0\u00a0\u00a0\u00a0\u00a0\u00a0\u00a0\u00a0\u00a0\u00a0\u00a0\u00a0\u00a0\u00a0\u00a065 euroa<\/span><\/p>\n<p><span class=\"s13\">Juniorit, alle 18-v\u00a0\u00a0\u00a0\u00a0\u00a0\u00a0\u00a0\u00a0\u00a040 euroa<\/span><\/p>\n<p><span class=\"s13\">Kannatusmaksu\u00a0\u00a0\u00a0\u00a0\u00a0\u00a0\u00a0\u00a0\u00a0\u00a025 euroa *<\/span><\/p>\n<p>Liittymismaksu aik.\u00a0\u00a0\u00a0\u00a0\u00a0\u00a025 euroa **<\/p>\n<h6 style=\"text-align: justify;\">* Kannatusmaksulla voi k\u00e4ytt\u00e4\u00e4 seuran v\u00e4lineit\u00e4 seuran ammuntavuoroilla.<\/h6>\n<h6 style=\"text-align: justify;\">**\u00a0Liittymismaksu maksetaan vain kerran kun liityt\u00e4\u00e4n seuraan. Junioreilta ei perit\u00e4 liittymismaksua.<\/h6>\n<p><span style=\"text-decoration: underline;\"><strong>Haluatko liitty\u00e4 j\u00e4seneksi?<\/strong><\/span><\/p>\n<p>Marko Suomalainen<br \/>\n040 569 0405<br \/>\nmarko.suomalainen(at)pp1.inet.fi<br \/>\nSeuran johtokunnalla on oikeus hyv\u00e4ksy\u00e4 tai hyl\u00e4t\u00e4 j\u00e4senyys<\/p>\n<p><span style=\"text-decoration: underline;\"><strong>L\u00e4nsirajan Jousiampujat Ry<\/strong><\/span><\/p>\n<p>Tilinumero: FI34 5643 0920 0377 46<\/p>\n<p><strong><span style=\"text-decoration: underline;\">Lisenssit<\/span><\/strong><\/p>\n<p>Mik\u00e4li haluat osallistua Jousiliiton alaisiin kilpailuihin, niin tarvitset kisalisenssin.<\/p>\n<p>Suomen Jousiampujainliiton harrastaja- ja kilpailulisenssit.\u00a0<a href=\"https:\/\/www.sjal.fi\/seuroille\/kilpailutoiminta\/lisenssit\/\" target=\"_blank\" rel=\"noopener noreferrer\"><span style=\"color: #6d5c41;\"><span style=\"font-family: Trebuchet MS, serif;\">Lisensseihin t\u00e4st\u00e4\u00a0<\/span><\/span><\/a><\/p>\n","protected":false},"excerpt":{"rendered":"<p>Seuran j\u00e4senmaksut 2019 Aikuiset\u00a0\u00a0\u00a0\u00a0\u00a0\u00a0\u00a0\u00a0\u00a0\u00a0\u00a0\u00a0\u00a0\u00a0\u00a0\u00a0\u00a0\u00a0\u00a0\u00a0\u00a0\u00a0\u00a0\u00a065 euroa Juniorit, alle 18-v\u00a0\u00a0\u00a0\u00a0\u00a0\u00a0\u00a0\u00a0\u00a040 euroa Kannatusmaksu\u00a0\u00a0\u00a0\u00a0\u00a0\u00a0\u00a0\u00a0\u00a0\u00a025 euroa * Liittymismaksu aik.\u00a0\u00a0\u00a0\u00a0\u00a0\u00a025 euroa ** * Kannatusmaksulla voi k\u00e4ytt\u00e4\u00e4 seuran v\u00e4lineit\u00e4 seuran ammuntavuoroilla. **\u00a0Liittymismaksu maksetaan vain kerran kun liityt\u00e4\u00e4n seuraan. Junioreilta ei perit\u00e4 liittymismaksua. Haluatko liitty\u00e4 j\u00e4seneksi? Marko Suomalainen 040 569 0405 marko.suomalainen(at)pp1.inet.fi Seuran johtokunnalla on oikeus hyv\u00e4ksy\u00e4 tai hyl\u00e4t\u00e4 j\u00e4senyys L\u00e4nsirajan Jousiampujat Ry [&hellip;]<\/p>\n","protected":false},"author":1,"featured_media":0,"parent":0,"menu_order":0,"comment_status":"closed","ping_status":"closed","template":"","meta":{"footnotes":""},"_links":{"self":[{"href":"http:\/\/lansirajanjousiampujat.fi\/index.php?rest_route=\/wp\/v2\/pages\/18"}],"collection":[{"href":"http:\/\/lansirajanjousiampujat.fi\/index.php?rest_route=\/wp\/v2\/pages"}],"about":[{"href":"http:\/\/lansirajanjousiampujat.fi\/index.php?rest_route=\/wp\/v2\/types\/page"}],"author":[{"embeddable":true,"href":"http:\/\/lansirajanjousiampujat.fi\/index.php?rest_route=\/wp\/v2\/users\/1"}],"replies":[{"embeddable":true,"href":"http:\/\/lansirajanjousiampujat.fi\/index.php?rest_route=%2Fwp%2Fv2%2Fcomments&post=18"}],"version-history":[{"count":21,"href":"http:\/\/lansirajanjousiampujat.fi\/index.php?rest_route=\/wp\/v2\/pages\/18\/revisions"}],"predecessor-version":[{"id":503,"href":"http:\/\/lansirajanjousiampujat.fi\/index.php?rest_route=\/wp\/v2\/pages\/18\/revisions\/503"}],"wp:attachment":[{"href":"http:\/\/lansirajanjousiampujat.fi\/index.php?rest_route=%2Fwp%2Fv2%2Fmedia&parent=18"}],"curies":[{"name":"wp","href":"https:\/\/api.w.org\/{rel}","templated":true}]}}